{"id":4754,"date":"2023-06-25T14:41:15","date_gmt":"2023-06-25T12:41:15","guid":{"rendered":"http:\/\/amed.net.pl\/?page_id=4754"},"modified":"2026-02-17T20:12:43","modified_gmt":"2026-02-17T19:12:43","slug":"pierscienie-pierscienie-bumpi-rings","status":"publish","type":"page","link":"https:\/\/amed.net.pl\/index.php\/pierscienie-pierscienie-bumpi-rings\/","title":{"rendered":"Pier\u015bcienie Pier\u015bcienie Bumpi\u00ae Rings"},"content":{"rendered":"<p>[et_pb_section fb_built=&#8221;1&#8243; specialty=&#8221;on&#8221; module_class=&#8221; et_pb_specialty_fullwidth&#8221; _builder_version=&#8221;4.16&#8243; inner_width=&#8221;89%&#8221; inner_width_tablet=&#8221;80%&#8221; inner_width_phone=&#8221;&#8221; inner_width_last_edited=&#8221;on|desktop&#8221; inner_max_width=&#8221;89%&#8221; inner_max_width_tablet=&#8221;80%&#8221; inner_max_width_phone=&#8221;&#8221; inner_max_width_last_edited=&#8221;on|desktop&#8221; custom_padding=&#8221;50.5125px|0|50.5125px|0px|false|false&#8221; make_fullwidth=&#8221;on&#8221; global_colors_info=&#8221;{}&#8221;][et_pb_column type=&#8221;1_4&#8243; _builder_version=&#8221;4.16&#8243; custom_padding=&#8221;|||&#8221; global_colors_info=&#8221;{}&#8221; custom_padding__hover=&#8221;|||&#8221;][et_pb_search _builder_version=&#8221;4.16&#8243; global_colors_info=&#8221;{}&#8221; button_text_size__hover_enabled=&#8221;off&#8221; button_one_text_size__hover_enabled=&#8221;off&#8221; button_two_text_size__hover_enabled=&#8221;off&#8221; button_text_color__hover_enabled=&#8221;off&#8221; button_one_text_color__hover_enabled=&#8221;off&#8221; button_two_text_color__hover_enabled=&#8221;off&#8221; button_border_width__hover_enabled=&#8221;off&#8221; button_one_border_width__hover_enabled=&#8221;off&#8221; button_two_border_width__hover_enabled=&#8221;off&#8221; button_border_color__hover_enabled=&#8221;off&#8221; button_one_border_color__hover_enabled=&#8221;off&#8221; button_two_border_color__hover_enabled=&#8221;off&#8221; button_border_radius__hover_enabled=&#8221;off&#8221; button_one_border_radius__hover_enabled=&#8221;off&#8221; button_two_border_radius__hover_enabled=&#8221;off&#8221; button_letter_spacing__hover_enabled=&#8221;off&#8221; button_one_letter_spacing__hover_enabled=&#8221;off&#8221; button_two_letter_spacing__hover_enabled=&#8221;off&#8221; button_bg_color__hover_enabled=&#8221;off&#8221; button_one_bg_color__hover_enabled=&#8221;off&#8221; button_two_bg_color__hover_enabled=&#8221;off&#8221;]&nbsp;<br \/>\n[\/et_pb_search][et_pb_social_media_follow follow_button=&#8221;on&#8221; _builder_version=&#8221;4.16&#8243; background_layout=&#8221;dark&#8221; global_colors_info=&#8221;{}&#8221;][et_pb_social_media_follow_network social_network=&#8221;facebook&#8221; url=&#8221;https:\/\/www.facebook.com\/AmedPolska\/&#8221; _builder_version=&#8221;4.16&#8243; background_color=&#8221;#e09900&#8243; global_colors_info=&#8221;{}&#8221; follow_button=&#8221;on&#8221; url_new_window=&#8221;on&#8221;]facebook[\/et_pb_social_media_follow_network][\/et_pb_social_media_follow][et_pb_sidebar area=&#8221;sidebar-1&#8243; _builder_version=&#8221;4.18.0&#8243; header_font=&#8221;||||||||&#8221; global_colors_info=&#8221;{}&#8221;]&nbsp;<br \/>\n[\/et_pb_sidebar][\/et_pb_column][et_pb_column type=&#8221;3_4&#8243; specialty_columns=&#8221;3&#8243; _builder_version=&#8221;4.16&#8243; custom_padding=&#8221;|||&#8221; global_colors_info=&#8221;{}&#8221; custom_padding__hover=&#8221;|||&#8221;][et_pb_row_inner admin_label=&#8221;Wiersz&#8221; _builder_version=&#8221;4.16&#8243; custom_padding=&#8221;27px|0px|27px|0|false|false&#8221; global_colors_info=&#8221;{}&#8221;][et_pb_column_inner saved_specialty_column_type=&#8221;3_4&#8243; _builder_version=&#8221;4.16&#8243; custom_padding=&#8221;|||&#8221; global_colors_info=&#8221;{}&#8221; custom_padding__hover=&#8221;|||&#8221;][et_pb_text _builder_version=&#8221;4.27.5&#8243; header_font=&#8221;||||||||&#8221; header_text_align=&#8221;center&#8221; header_text_color=&#8221;#0c71c3&#8243; header_line_height=&#8221;1.1em&#8221; custom_padding=&#8221;10px|10px|10px|20px&#8221; hover_enabled=&#8221;0&#8243; global_colors_info=&#8221;{}&#8221; sticky_enabled=&#8221;0&#8243;]<\/p>\n<h1 style=\"text-align: left;\"><span color=\"#0c71c3\">Pier\u015bcienie Pier\u015bcienie Bumpi\u00ae Rings &#8211; zapobiegaj\u0105ce zbyt g\u0142\u0119bokiej penetracji podczas stosunku p\u0142ciowego<\/span><\/h1>\n<p style=\"text-align: left;\"><span color=\"#0c71c3\"><\/span><\/p>\n<h1 style=\"text-align: left;\"><span style=\"color: #0c71c3;\"><\/span><\/h1>\n<h1 style=\"text-align: left;\"><span style=\"color: rgba(168, 23, 76, 0.48);\"><span style=\"font-size: x-large; color: rgba(196, 100, 27, 0.48);\">wielokrotnego u\u017cytku<\/span>\u00a0\u00a0<\/span><\/h1>\n<p>[\/et_pb_text][\/et_pb_column_inner][\/et_pb_row_inner][et_pb_row_inner column_structure=&#8221;1_2,1_2&#8243; admin_label=&#8221;Wiersz&#8221; _builder_version=&#8221;4.16&#8243; custom_padding=&#8221;1px|0px|28px|0px|false|false&#8221; global_colors_info=&#8221;{}&#8221;][et_pb_column_inner type=&#8221;1_2&#8243; saved_specialty_column_type=&#8221;3_4&#8243; _builder_version=&#8221;4.16&#8243; custom_padding=&#8221;|||&#8221; global_colors_info=&#8221;{}&#8221; custom_padding__hover=&#8221;|||&#8221;][et_pb_image src=&#8221;https:\/\/amed.net.pl\/wp-content\/uploads\/2023\/06\/bumpi_ringe_dose_farbig_2.jpg&#8221; alt=&#8221;Pier\u015bcienie Pier\u015bcienie Bumpi\u00ae Rings &#8211; zapobiegaj\u0105ce zbyt g\u0142\u0119bokiej penetracji&#8221; title_text=&#8221;Pier\u015bcienie Pier\u015bcienie Bumpi\u00ae Rings &#8211; zapobiegaj\u0105ce zbyt g\u0142\u0119bokiej penetracji&#8221; align_tablet=&#8221;center&#8221; align_phone=&#8221;&#8221; align_last_edited=&#8221;on|desktop&#8221; _builder_version=&#8221;4.21.0&#8243; global_colors_info=&#8221;{}&#8221;]&nbsp;<br \/>\n[\/et_pb_image][\/et_pb_column_inner][et_pb_column_inner type=&#8221;1_2&#8243; saved_specialty_column_type=&#8221;3_4&#8243; _builder_version=&#8221;4.18.0&#8243; _module_preset=&#8221;default&#8221; global_colors_info=&#8221;{}&#8221;][et_pb_text _builder_version=&#8221;4.21.0&#8243; custom_margin=&#8221;1px|||||&#8221; custom_padding=&#8221;70px|||||&#8221; global_colors_info=&#8221;{}&#8221;]<\/p>\n<p>&nbsp;<\/p>\n<blockquote>\n<p class=\"product_name__name m-0\"><strong>Pier\u015bcienie Bumpi\u00ae Rings &#8211; zapobiegaj\u0105ce zbyt g\u0142\u0119bokiej penetracji podczas stosunku p\u0142ciowego<\/strong> przeznaczone dla kobiet z endometrioz\u0105, mi\u0119\u015bniakami macicy, wypadaniem macicy, po histerektomii, odczuwaj\u0105cej b\u00f3l przy wsp\u00f3\u0142\u017cyciu.<\/p>\n<\/blockquote>\n<ul>\n<li class=\"direction-ltr align-start para-style-pretitle\">100% wodoodporne<\/li>\n<li class=\"direction-ltr align-start para-style-pretitle\">3 szt w opakowaniu<\/li>\n<li><span>przyjazne dla sk\u00f3ry, mi\u0119kkie, elastyczne<\/span><\/li>\n<li><span>wielokrotnego u\u017cytku\u00a0 \u00a0\u00a0<\/span><\/li>\n<\/ul>\n<p>[\/et_pb_text][\/et_pb_column_inner][\/et_pb_row_inner][et_pb_row_inner column_structure=&#8221;1_2,1_2&#8243; _builder_version=&#8221;4.18.0&#8243; _module_preset=&#8221;default&#8221; global_colors_info=&#8221;{}&#8221;][et_pb_column_inner type=&#8221;1_2&#8243; saved_specialty_column_type=&#8221;3_4&#8243; _builder_version=&#8221;4.18.0&#8243; _module_preset=&#8221;default&#8221; global_colors_info=&#8221;{}&#8221;][et_pb_text _builder_version=&#8221;4.21.0&#8243; text_font=&#8221;||||||||&#8221; text_text_color=&#8221;#ffffff&#8221; background_color=&#8221;#f47600&#8243; custom_padding=&#8221;10px|10px||10px&#8221; global_colors_info=&#8221;{}&#8221;]<\/p>\n<h3 style=\"text-align: center;\"><strong style=\"font-size: 27px;\"><\/strong><\/h3>\n<h5><strong>Wskazania do stosowania<\/strong><\/h5>\n<p>Kobiety z endometrioz\u0105, wypadaniem macicy, po histerektomii lub z mi\u0119\u015bniakami macicy, u kt\u00f3rych czasami wyst\u0119puje krwawienie lub odczuwaj\u0105 b\u00f3l podczas wsp\u00f3\u0142\u017cycia.<br \/>Z medycznego punktu widzenia problem ten nazywany jest dyspareuni\u0105 kolizyjn\u0105.<\/p>\n<p>Pomimo zr\u00f3\u017cnicowanych przyczyn, istnieje proste rozwi\u0105zanie: mi\u0119kkie pier\u015bcienie Bumpi\u00ae.<br \/>Wystarczy nasun\u0105\u0107 mi\u0119kkie pier\u015bcienie Bumpi\u00ae na penisa a one zapobiegaj\u0105 zbyt g\u0142\u0119bokiej penetracji przez partnera. Rezultat: stosunek bez b\u00f3lu, bez l\u0119ku przed urazami i wreszcie zrelaksowany, spe\u0142niony stosunek seksualny.<\/p>\n<p>&nbsp;<\/p>\n<p>[\/et_pb_text][\/et_pb_column_inner][et_pb_column_inner type=&#8221;1_2&#8243; saved_specialty_column_type=&#8221;3_4&#8243; _builder_version=&#8221;4.18.0&#8243; _module_preset=&#8221;default&#8221; global_colors_info=&#8221;{}&#8221;][et_pb_text _builder_version=&#8221;4.21.0&#8243; text_font=&#8221;||||||||&#8221; text_text_color=&#8221;#ffffff&#8221; text_line_height=&#8221;1.1em&#8221; background_color=&#8221;#f47600&#8243; custom_padding=&#8221;10px|10px||10px&#8221; global_colors_info=&#8221;{}&#8221;]<\/p>\n<h5><strong>\u00a0 \u00a0Zalety<\/strong> <strong>Pier\u015bcieni Bumpi\u00ae<\/strong><\/h5>\n<ul>\n<li><span>przyjazne dla sk\u00f3ry, elastyczne i mi\u0119kkie<\/span><\/li>\n<li><span>mo\u017cna stosowa\u0107 z lubrykantami rozpuszczalnymi w wodzie, olejem silikonowym, kremami do sk\u00f3ry, t\u0142uszczami ro\u015blinnymi\u00a0<\/span><\/li>\n<li><span>biokompatybilne, testowane zgodnie z norm\u0105 ISO 10993\u00a0<\/span><\/li>\n<li><span>mo\u017cna stosowa\u0107 z prezerwatywami lateksowymi i poliizoprenowymi\u00a0<\/span><\/li>\n<li><span>nie zawieraj\u0105 lateksu, bisfenolu A, ftalan\u00f3w i silikonu<\/span><\/li>\n<li><span>ekologicznie zaprojektowane<\/span><\/li>\n<li><span>wielokrotnego u\u017cytku\u00a0 \u00a0\u00a0<\/span><\/li>\n<\/ul>\n<p><strong>Ka\u017cdy zestaw zawiera<\/strong><\/p>\n<p><span>\u2022 3 pier\u015bcienie Bumpi<\/span>\u00ae<\/p>\n<p><span>\u2022 pojemnik do przechowywania<\/span><\/p>\n<p><span>\u2022 instrukcja u\u017cycia w j. polskim<\/span><\/p>\n<p><span>\u2022 2 x saszetki lubrykantu Sylk \u00a0<\/span><\/p>\n<p><strong>Materia\u0142:<\/strong><\/p>\n<ul>\n<li><span>100% Elastomer termoplastyczny (TPE)\u00a0<\/span><\/li>\n<\/ul>\n<p>[\/et_pb_text][\/et_pb_column_inner][\/et_pb_row_inner][et_pb_row_inner column_structure=&#8221;1_2,1_2&#8243; _builder_version=&#8221;4.16&#8243; global_colors_info=&#8221;{}&#8221;][et_pb_column_inner type=&#8221;1_2&#8243; saved_specialty_column_type=&#8221;3_4&#8243; _builder_version=&#8221;4.16&#8243; background_color=&#8221;#ffffff&#8221; custom_padding=&#8221;|||&#8221; global_colors_info=&#8221;{}&#8221; custom_padding__hover=&#8221;|||&#8221;][et_pb_text _builder_version=&#8221;4.24.2&#8243; text_font=&#8221;||||||||&#8221; text_text_color=&#8221;#000000&#8243; background_enable_color=&#8221;off&#8221; custom_padding=&#8221;10px|10px||10px&#8221; border_width_all=&#8221;5px&#8221; border_color_all=&#8221;#f47600&#8243; global_colors_info=&#8221;{}&#8221;]<\/p>\n<h5>Skr\u00f3cona instrukcja u\u017cycia:<\/h5>\n<p>Jeden lub wi\u0119cej mi\u0119kkich pier\u015bcieni Bumpi\u00ae rozci\u0105ga si\u0119 dwoma r\u0119koma i przed penetracj\u0105 naci\u0105ga bezpo\u015brednio na j\u0105dra a\u017c do trzonu penisa.<\/p>\n<p>W zale\u017cno\u015bci od liczby zastosowanych pier\u015bcieni Bumpi\u00ae mo\u017cna indywidualnie dopasowa\u0107 g\u0142\u0119boko\u015b\u0107 penetracji.<\/p>\n<p>Przy zdejmowaniu, pier\u015bcienie nale\u017cy r\u00f3wnie\u017c rozci\u0105gn\u0105\u0107 i w ten spos\u00f3b mo\u017cna je usun\u0105\u0107.<\/p>\n<p>Stosowanie pier\u015bcienia Bumpi\u00ae jest proste, szybkie i nie przeszkadza w czasie wsp\u00f3\u0142\u017cycia. Nie ma niebezpiecze\u0144stwa, \u017ce pier\u015bcienie Bumpi\u00ae zsun\u0105 si\u0119 do wewn\u0105trz cia\u0142a partnera.<\/p>\n<p>Pier\u015bcienie Bumpi\u00ae umo\u017cliwiaj\u0105 bezbolesn\u0105 penetracj\u0119 oraz zrelaksowany, spe\u0142niony stosunek seksualny dla obojga partner\u00f3w.<\/p>\n<p>&nbsp;<\/p>\n<p>[\/et_pb_text][\/et_pb_column_inner][et_pb_column_inner type=&#8221;1_2&#8243; saved_specialty_column_type=&#8221;3_4&#8243; _builder_version=&#8221;4.18.0&#8243; _module_preset=&#8221;default&#8221; global_colors_info=&#8221;{}&#8221;][et_pb_text _builder_version=&#8221;4.24.2&#8243; text_font=&#8221;||||||||&#8221; text_text_color=&#8221;#000000&#8243; header_text_color=&#8221;#000000&#8243; background_enable_color=&#8221;off&#8221; custom_padding=&#8221;10px|10px||10px&#8221; border_width_all=&#8221;5px&#8221; border_color_all=&#8221;#f47600&#8243; global_colors_info=&#8221;{}&#8221;]<\/p>\n<h5>Czyszczenie<\/h5>\n<ul>\n<li><span>Mi\u0119kkie pier\u015bcienie Bumpi\u00ae nale\u017cy czy\u015bci\u0107 wod\u0105 z myd\u0142em przed pierwszym u\u017cyciem i po ka\u017cdym za\u0142o\u017ceniu.<\/span><\/li>\n<li><span>Po wysuszeniu mo\u017cna je bezpiecznie przechowywa\u0107 w pojemniku znajduj\u0105cym si\u0119 w zestawie. \u00a0<\/span><\/li>\n<\/ul>\n<p>[\/et_pb_text][et_pb_cta button_url=&#8221;https:\/\/sklep.naturalnaplodnosc.pl\/product-pol-2279-Pierscienie-Bumpi-R-Rings-zapobiegajace-zbyt-glebokiej-penetracji.html&#8221; url_new_window=&#8221;on&#8221; button_text=&#8221;Odwied\u017a nasz SKLEP !&#8221; _builder_version=&#8221;4.21.0&#8243; header_level=&#8221;h3&#8243; header_font=&#8221;||||||||&#8221; header_text_align=&#8221;center&#8221; header_font_size=&#8221;27px&#8221; use_background_color=&#8221;off&#8221; custom_button=&#8221;on&#8221; button_text_size=&#8221;27px&#8221; button_text_color=&#8221;#e09900&#8243; button_font=&#8221;||||||||&#8221; button_alignment=&#8221;center&#8221; background_layout=&#8221;light&#8221; animation_style=&#8221;bounce&#8221; link_option_url=&#8221;https:\/\/sklep.naturalnaplodnosc.pl\/product-pol-2279-Pierscienie-Bumpi-R-Rings-zapobiegajace-zbyt-glebokiej-penetracji.html&#8221; box_shadow_style_button=&#8221;preset2&#8243; global_colors_info=&#8221;{}&#8221;]<\/p>\n<h4><span><strong><em><\/em><\/strong><\/span><\/h4>\n<h4><span><strong><em><\/em><\/strong><\/span><\/h4>\n<h4><span><strong><em><\/em><\/strong><\/span><\/h4>\n<h4><span><strong><em><\/em><\/strong><\/span><\/h4>\n<p>[\/et_pb_cta][et_pb_image align_tablet=&#8221;center&#8221; align_phone=&#8221;&#8221; align_last_edited=&#8221;on|desktop&#8221; _builder_version=&#8221;4.16&#8243; global_colors_info=&#8221;{}&#8221;]&nbsp;<\/p>\n<p style=\"text-align: center;\">[\/et_pb_image][\/et_pb_column_inner][\/et_pb_row_inner][\/et_pb_column][\/et_pb_section]<\/p>\n","protected":false},"excerpt":{"rendered":"<p>&nbsp; &nbsp; Pier\u015bcienie Pier\u015bcienie Bumpi\u00ae Rings &#8211; zapobiegaj\u0105ce zbyt g\u0142\u0119bokiej penetracji podczas stosunku p\u0142ciowego wielokrotnego u\u017cytku\u00a0\u00a0&nbsp; &nbsp; Pier\u015bcienie Bumpi\u00ae Rings &#8211; zapobiegaj\u0105ce zbyt g\u0142\u0119bokiej penetracji podczas stosunku p\u0142ciowego przeznaczone dla kobiet z endometrioz\u0105, mi\u0119\u015bniakami macicy, wypadaniem macicy, po histerektomii, odczuwaj\u0105cej b\u00f3l przy wsp\u00f3\u0142\u017cyciu. 100% wodoodporne 3 szt w opakowaniu przyjazne dla sk\u00f3ry, mi\u0119kkie, elastyczne wielokrotnego [&hellip;]<\/p>\n","protected":false},"author":2,"featured_media":0,"parent":0,"menu_order":0,"comment_status":"closed","ping_status":"closed","template":"","meta":{"_et_pb_use_builder":"on","_et_pb_old_content":"<p>Pier\u015bcienie Pier\u015bcienie Bumpi\u00ae Rings - zapobiegaj\u0105ce zbyt g\u0142\u0119bokiej penetracji<\/p>","_et_gb_content_width":"","footnotes":""},"class_list":["post-4754","page","type-page","status-publish","hentry"],"yoast_head":"<!-- This site is optimized with the Yoast SEO plugin v27.4 - https:\/\/yoast.com\/product\/yoast-seo-wordpress\/ -->\n<title>Pier\u015bcienie Pier\u015bcienie Bumpi\u00ae Rings - amed.net.pl<\/title>\n<meta name=\"description\" content=\"Pier\u015bcienie &quot;Bumpi\u00ae Rings&quot; zapobiegaj\u0105ce zbyt g\u0142\u0119bokiej penetracji podczas stosunku p\u0142ciowego. Czytaj wi\u0119cej\" \/>\n<meta name=\"robots\" content=\"index, follow, max-snippet:-1, max-image-preview:large, max-video-preview:-1\" \/>\n<link rel=\"canonical\" href=\"https:\/\/amed.net.pl\/index.php\/pierscienie-pierscienie-bumpi-rings\/\" \/>\n<meta property=\"og:locale\" content=\"pl_PL\" \/>\n<meta property=\"og:type\" content=\"article\" \/>\n<meta property=\"og:title\" content=\"Pier\u015bcienie Pier\u015bcienie Bumpi\u00ae Rings - amed.net.pl\" \/>\n<meta property=\"og:description\" content=\"Pier\u015bcienie &quot;Bumpi\u00ae Rings&quot; zapobiegaj\u0105ce zbyt g\u0142\u0119bokiej penetracji podczas stosunku p\u0142ciowego. Czytaj wi\u0119cej\" \/>\n<meta property=\"og:url\" content=\"https:\/\/amed.net.pl\/index.php\/pierscienie-pierscienie-bumpi-rings\/\" \/>\n<meta property=\"og:site_name\" content=\"amed.net.pl\" \/>\n<meta property=\"article:modified_time\" content=\"2026-02-17T19:12:43+00:00\" \/>\n<meta name=\"twitter:card\" content=\"summary_large_image\" \/>\n<meta name=\"twitter:label1\" content=\"Szacowany czas czytania\" \/>\n\t<meta name=\"twitter:data1\" content=\"7 minut\" \/>\n<script type=\"application\/ld+json\" class=\"yoast-schema-graph\">{\"@context\":\"https:\\\/\\\/schema.org\",\"@graph\":[{\"@type\":\"WebPage\",\"@id\":\"https:\\\/\\\/amed.net.pl\\\/index.php\\\/pierscienie-pierscienie-bumpi-rings\\\/\",\"url\":\"https:\\\/\\\/amed.net.pl\\\/index.php\\\/pierscienie-pierscienie-bumpi-rings\\\/\",\"name\":\"Pier\u015bcienie Pier\u015bcienie Bumpi\u00ae Rings - amed.net.pl\",\"isPartOf\":{\"@id\":\"https:\\\/\\\/amed.net.pl\\\/#website\"},\"datePublished\":\"2023-06-25T12:41:15+00:00\",\"dateModified\":\"2026-02-17T19:12:43+00:00\",\"description\":\"Pier\u015bcienie \\\"Bumpi\u00ae Rings\\\" zapobiegaj\u0105ce zbyt g\u0142\u0119bokiej penetracji podczas stosunku p\u0142ciowego. Czytaj wi\u0119cej\",\"breadcrumb\":{\"@id\":\"https:\\\/\\\/amed.net.pl\\\/index.php\\\/pierscienie-pierscienie-bumpi-rings\\\/#breadcrumb\"},\"inLanguage\":\"pl-PL\",\"potentialAction\":[{\"@type\":\"ReadAction\",\"target\":[\"https:\\\/\\\/amed.net.pl\\\/index.php\\\/pierscienie-pierscienie-bumpi-rings\\\/\"]}]},{\"@type\":\"BreadcrumbList\",\"@id\":\"https:\\\/\\\/amed.net.pl\\\/index.php\\\/pierscienie-pierscienie-bumpi-rings\\\/#breadcrumb\",\"itemListElement\":[{\"@type\":\"ListItem\",\"position\":1,\"name\":\"Strona g\u0142\u00f3wna\",\"item\":\"https:\\\/\\\/amed.net.pl\\\/\"},{\"@type\":\"ListItem\",\"position\":2,\"name\":\"Pier\u015bcienie Pier\u015bcienie Bumpi\u00ae Rings\"}]},{\"@type\":\"WebSite\",\"@id\":\"https:\\\/\\\/amed.net.pl\\\/#website\",\"url\":\"https:\\\/\\\/amed.net.pl\\\/\",\"name\":\"amed.net.pl\",\"description\":\"Firma AMED - Lider w zaopatrzenie gabinet\u00f3w lekarskich: wzierniki ginekologiczne, wk\u0142adki wewn\u0105trzmaciczne, szczoteczki cytologiczne, cytologia, papiery USG, os\u0142onki do USG\",\"potentialAction\":[{\"@type\":\"SearchAction\",\"target\":{\"@type\":\"EntryPoint\",\"urlTemplate\":\"https:\\\/\\\/amed.net.pl\\\/?s={search_term_string}\"},\"query-input\":{\"@type\":\"PropertyValueSpecification\",\"valueRequired\":true,\"valueName\":\"search_term_string\"}}],\"inLanguage\":\"pl-PL\"}]}<\/script>\n<!-- \/ Yoast SEO plugin. -->","yoast_head_json":{"title":"Pier\u015bcienie Pier\u015bcienie Bumpi\u00ae Rings - amed.net.pl","description":"Pier\u015bcienie \"Bumpi\u00ae Rings\" zapobiegaj\u0105ce zbyt g\u0142\u0119bokiej penetracji podczas stosunku p\u0142ciowego. Czytaj wi\u0119cej","robots":{"index":"index","follow":"follow","max-snippet":"max-snippet:-1","max-image-preview":"max-image-preview:large","max-video-preview":"max-video-preview:-1"},"canonical":"https:\/\/amed.net.pl\/index.php\/pierscienie-pierscienie-bumpi-rings\/","og_locale":"pl_PL","og_type":"article","og_title":"Pier\u015bcienie Pier\u015bcienie Bumpi\u00ae Rings - amed.net.pl","og_description":"Pier\u015bcienie \"Bumpi\u00ae Rings\" zapobiegaj\u0105ce zbyt g\u0142\u0119bokiej penetracji podczas stosunku p\u0142ciowego. Czytaj wi\u0119cej","og_url":"https:\/\/amed.net.pl\/index.php\/pierscienie-pierscienie-bumpi-rings\/","og_site_name":"amed.net.pl","article_modified_time":"2026-02-17T19:12:43+00:00","twitter_card":"summary_large_image","twitter_misc":{"Szacowany czas czytania":"7 minut"},"schema":{"@context":"https:\/\/schema.org","@graph":[{"@type":"WebPage","@id":"https:\/\/amed.net.pl\/index.php\/pierscienie-pierscienie-bumpi-rings\/","url":"https:\/\/amed.net.pl\/index.php\/pierscienie-pierscienie-bumpi-rings\/","name":"Pier\u015bcienie Pier\u015bcienie Bumpi\u00ae Rings - amed.net.pl","isPartOf":{"@id":"https:\/\/amed.net.pl\/#website"},"datePublished":"2023-06-25T12:41:15+00:00","dateModified":"2026-02-17T19:12:43+00:00","description":"Pier\u015bcienie \"Bumpi\u00ae Rings\" zapobiegaj\u0105ce zbyt g\u0142\u0119bokiej penetracji podczas stosunku p\u0142ciowego. Czytaj wi\u0119cej","breadcrumb":{"@id":"https:\/\/amed.net.pl\/index.php\/pierscienie-pierscienie-bumpi-rings\/#breadcrumb"},"inLanguage":"pl-PL","potentialAction":[{"@type":"ReadAction","target":["https:\/\/amed.net.pl\/index.php\/pierscienie-pierscienie-bumpi-rings\/"]}]},{"@type":"BreadcrumbList","@id":"https:\/\/amed.net.pl\/index.php\/pierscienie-pierscienie-bumpi-rings\/#breadcrumb","itemListElement":[{"@type":"ListItem","position":1,"name":"Strona g\u0142\u00f3wna","item":"https:\/\/amed.net.pl\/"},{"@type":"ListItem","position":2,"name":"Pier\u015bcienie Pier\u015bcienie Bumpi\u00ae Rings"}]},{"@type":"WebSite","@id":"https:\/\/amed.net.pl\/#website","url":"https:\/\/amed.net.pl\/","name":"amed.net.pl","description":"Firma AMED - Lider w zaopatrzenie gabinet\u00f3w lekarskich: wzierniki ginekologiczne, wk\u0142adki wewn\u0105trzmaciczne, szczoteczki cytologiczne, cytologia, papiery USG, os\u0142onki do USG","potentialAction":[{"@type":"SearchAction","target":{"@type":"EntryPoint","urlTemplate":"https:\/\/amed.net.pl\/?s={search_term_string}"},"query-input":{"@type":"PropertyValueSpecification","valueRequired":true,"valueName":"search_term_string"}}],"inLanguage":"pl-PL"}]}},"_links":{"self":[{"href":"https:\/\/amed.net.pl\/index.php\/wp-json\/wp\/v2\/pages\/4754","targetHints":{"allow":["GET"]}}],"collection":[{"href":"https:\/\/amed.net.pl\/index.php\/wp-json\/wp\/v2\/pages"}],"about":[{"href":"https:\/\/amed.net.pl\/index.php\/wp-json\/wp\/v2\/types\/page"}],"author":[{"embeddable":true,"href":"https:\/\/amed.net.pl\/index.php\/wp-json\/wp\/v2\/users\/2"}],"replies":[{"embeddable":true,"href":"https:\/\/amed.net.pl\/index.php\/wp-json\/wp\/v2\/comments?post=4754"}],"version-history":[{"count":10,"href":"https:\/\/amed.net.pl\/index.php\/wp-json\/wp\/v2\/pages\/4754\/revisions"}],"predecessor-version":[{"id":5423,"href":"https:\/\/amed.net.pl\/index.php\/wp-json\/wp\/v2\/pages\/4754\/revisions\/5423"}],"wp:attachment":[{"href":"https:\/\/amed.net.pl\/index.php\/wp-json\/wp\/v2\/media?parent=4754"}],"curies":[{"name":"wp","href":"https:\/\/api.w.org\/{rel}","templated":true}]}}