{"id":4055,"date":"2020-11-20T15:31:16","date_gmt":"2020-11-20T14:31:16","guid":{"rendered":"http:\/\/amed.net.pl\/?page_id=4055"},"modified":"2026-02-16T21:05:21","modified_gmt":"2026-02-16T20:05:21","slug":"pessar-kostkowy-cube","status":"publish","type":"page","link":"https:\/\/amed.net.pl\/index.php\/produkty\/pessar-gyn-cube-2w1\/pessar-kostkowy-cube\/","title":{"rendered":"Pessar kostkowy CUBE"},"content":{"rendered":"<p>[et_pb_section fb_built=&#8221;1&#8243; specialty=&#8221;on&#8221; module_class=&#8221; et_pb_specialty_fullwidth&#8221; _builder_version=&#8221;4.16&#8243; inner_width=&#8221;89%&#8221; inner_width_tablet=&#8221;80%&#8221; inner_width_phone=&#8221;&#8221; inner_width_last_edited=&#8221;on|desktop&#8221; inner_max_width=&#8221;89%&#8221; inner_max_width_tablet=&#8221;80%&#8221; inner_max_width_phone=&#8221;&#8221; inner_max_width_last_edited=&#8221;on|desktop&#8221; custom_padding=&#8221;50.5125px|0|50.5125px|0px|false|false&#8221; make_fullwidth=&#8221;on&#8221; global_colors_info=&#8221;{}&#8221;][et_pb_column type=&#8221;1_4&#8243; _builder_version=&#8221;4.16&#8243; custom_padding=&#8221;|||&#8221; global_colors_info=&#8221;{}&#8221; custom_padding__hover=&#8221;|||&#8221;][et_pb_search _builder_version=&#8221;4.16&#8243; global_colors_info=&#8221;{}&#8221; button_text_size__hover_enabled=&#8221;off&#8221; button_one_text_size__hover_enabled=&#8221;off&#8221; button_two_text_size__hover_enabled=&#8221;off&#8221; button_text_color__hover_enabled=&#8221;off&#8221; button_one_text_color__hover_enabled=&#8221;off&#8221; button_two_text_color__hover_enabled=&#8221;off&#8221; button_border_width__hover_enabled=&#8221;off&#8221; button_one_border_width__hover_enabled=&#8221;off&#8221; button_two_border_width__hover_enabled=&#8221;off&#8221; button_border_color__hover_enabled=&#8221;off&#8221; button_one_border_color__hover_enabled=&#8221;off&#8221; button_two_border_color__hover_enabled=&#8221;off&#8221; button_border_radius__hover_enabled=&#8221;off&#8221; button_one_border_radius__hover_enabled=&#8221;off&#8221; button_two_border_radius__hover_enabled=&#8221;off&#8221; button_letter_spacing__hover_enabled=&#8221;off&#8221; button_one_letter_spacing__hover_enabled=&#8221;off&#8221; button_two_letter_spacing__hover_enabled=&#8221;off&#8221; button_bg_color__hover_enabled=&#8221;off&#8221; button_one_bg_color__hover_enabled=&#8221;off&#8221; button_two_bg_color__hover_enabled=&#8221;off&#8221;]&nbsp;<br \/>\n[\/et_pb_search][et_pb_social_media_follow follow_button=&#8221;on&#8221; _builder_version=&#8221;4.16&#8243; background_layout=&#8221;dark&#8221; global_colors_info=&#8221;{}&#8221;][et_pb_social_media_follow_network social_network=&#8221;facebook&#8221; url=&#8221;https:\/\/www.facebook.com\/AmedPolska\/&#8221; _builder_version=&#8221;4.16&#8243; background_color=&#8221;#e09900&#8243; global_colors_info=&#8221;{}&#8221; follow_button=&#8221;on&#8221; url_new_window=&#8221;on&#8221;]facebook[\/et_pb_social_media_follow_network][\/et_pb_social_media_follow][et_pb_sidebar area=&#8221;et_pb_widget_area_8&#8243; _builder_version=&#8221;4.16&#8243; header_font=&#8221;||||||||&#8221; global_colors_info=&#8221;{}&#8221;]&nbsp;<br \/>\n[\/et_pb_sidebar][\/et_pb_column][et_pb_column type=&#8221;3_4&#8243; specialty_columns=&#8221;3&#8243; _builder_version=&#8221;4.16&#8243; custom_padding=&#8221;|||&#8221; global_colors_info=&#8221;{}&#8221; custom_padding__hover=&#8221;|||&#8221;][et_pb_row_inner admin_label=&#8221;Wiersz&#8221; _builder_version=&#8221;4.16&#8243; custom_padding=&#8221;27px|0px|27px|0|false|false&#8221; global_colors_info=&#8221;{}&#8221;][et_pb_column_inner saved_specialty_column_type=&#8221;3_4&#8243; _builder_version=&#8221;4.16&#8243; custom_padding=&#8221;|||&#8221; global_colors_info=&#8221;{}&#8221; custom_padding__hover=&#8221;|||&#8221;][et_pb_text _builder_version=&#8221;4.27.5&#8243; custom_padding=&#8221;10px|10px|10px|20px&#8221; hover_enabled=&#8221;0&#8243; global_colors_info=&#8221;{}&#8221; sticky_enabled=&#8221;0&#8243;]<\/p>\n<h1 style=\"text-align: left;\"><span style=\"color: #0c71c3;\">Pessar kostkowy CUBE<\/span><\/h1>\n<h1 style=\"text-align: left;\"><span style=\"color: #0c71c3;\"> silikonowy, hypoalergiczny\u00a0<\/span><\/h1>\n<h1 style=\"text-align: left;\"><span style=\"color: #0c71c3;\">\u00a0\u00a0<\/span><\/h1>\n<p>[\/et_pb_text][\/et_pb_column_inner][\/et_pb_row_inner][et_pb_row_inner column_structure=&#8221;1_2,1_2&#8243; admin_label=&#8221;Wiersz&#8221; _builder_version=&#8221;4.16&#8243; global_colors_info=&#8221;{}&#8221;][et_pb_column_inner type=&#8221;1_2&#8243; saved_specialty_column_type=&#8221;3_4&#8243; _builder_version=&#8221;4.16&#8243; custom_padding=&#8221;|||&#8221; global_colors_info=&#8221;{}&#8221; custom_padding__hover=&#8221;|||&#8221;][et_pb_image src=&#8221;https:\/\/amed.net.pl\/wp-content\/uploads\/2020\/11\/Pessar-CUBE-panpac.png&#8221; align_tablet=&#8221;center&#8221; align_phone=&#8221;&#8221; align_last_edited=&#8221;on|desktop&#8221; _builder_version=&#8221;4.16&#8243; global_colors_info=&#8221;{}&#8221;]&nbsp;<br \/>\n[\/et_pb_image][\/et_pb_column_inner][et_pb_column_inner type=&#8221;1_2&#8243; saved_specialty_column_type=&#8221;3_4&#8243; _builder_version=&#8221;4.16&#8243; custom_padding=&#8221;|||&#8221; global_colors_info=&#8221;{}&#8221; custom_padding__hover=&#8221;|||&#8221;][et_pb_text _builder_version=&#8221;4.27.5&#8243; text_font=&#8221;|600|||||||&#8221; text_line_height=&#8221;1.8em&#8221; link_font=&#8221;||||||||&#8221; ul_font=&#8221;Georgia||||||||&#8221; header_font=&#8221;||||||||&#8221; header_4_font=&#8221;||||||||&#8221; header_5_text_color=&#8221;#000000&#8243; hover_enabled=&#8221;0&#8243; inline_fonts=&#8221;Abel,Trebuchet,Georgia,Arial&#8221; global_colors_info=&#8221;{}&#8221; header_5_font_size=&#8221;14px&#8221; sticky_enabled=&#8221;0&#8243;]<\/p>\n<blockquote>\n<ul>\n<li>\n<h5><span style=\"color: #000000;\"><span style=\"font-size: medium; font-family: Arial;\">Pessar kostkowy dopasowany do budowy pochwy kobiety ze specjalnymi otworami wydzielinowymi<\/span><\/span><\/h5>\n<\/li>\n<li>\n<h5><span style=\"color: #000000;\"><span style=\"font-size: medium; font-family: Arial;\"> Dost\u0119pny w 3 najbardziej popularnych rozmiarach\u00a0\u00a0<\/span><\/span><\/h5>\n<\/li>\n<li>\n<h5><span style=\"color: #000000;\"><span style=\"font-size: medium; font-family: Arial;\">Elastyczny materia\u0142 u\u0142atwia jego zak\u0142adanie i wyjmowanie <\/span><\/span><\/h5>\n<\/li>\n<li>\n<h5><span style=\"color: #000000;\"><span style=\"font-size: medium; font-family: Arial;\"> Do samodzielnego wk\u0142adania i wyjmowania przez pacjentk\u0119 <\/span><\/span><\/h5>\n<\/li>\n<li>\n<h5><span style=\"color: #000000;\"><span style=\"font-size: medium; font-family: Arial;\"> Hipoalergiczny silikon, nie poch\u0142ania zapach\u00f3w oraz wydzielin <\/span><\/span><\/h5>\n<\/li>\n<li>\n<h5><span style=\"color: #000000;\"><span style=\"font-size: medium; font-family: Arial;\"> Przy zak\u0142adaniu pessar\u00f3w polecamy \u017cel nawil\u017caj\u0105cy\u00a0<a href=\"http:\/\/amed.iai-shop.com\/product-pol-1910-Zel-intymny-nawilzajacy-Sylk.html\" target=\"_blank\" rel=\"noopener noreferrer\" style=\"color: #000000;\">Sylk w saszetkach 2,5 ml<\/a><br \/><\/span><\/span><\/h5>\n<\/li>\n<li>\n<h5><span style=\"color: #000000;\"><span style=\"font-size: medium; font-family: Arial;\"> CERTYFIKATY: \u00a0 ISO 10993\/ ISO 13485:2003, CE &#8211; 93\/42\/EEC <\/span><\/span><\/h5>\n<\/li>\n<\/ul>\n<\/blockquote>\n<p>[\/et_pb_text][\/et_pb_column_inner][\/et_pb_row_inner][et_pb_row_inner column_structure=&#8221;1_2,1_2&#8243; admin_label=&#8221;Wiersz&#8221; _builder_version=&#8221;4.16&#8243; global_colors_info=&#8221;{}&#8221;][et_pb_column_inner type=&#8221;1_2&#8243; saved_specialty_column_type=&#8221;3_4&#8243; _builder_version=&#8221;4.16&#8243; custom_padding=&#8221;|||&#8221; global_colors_info=&#8221;{}&#8221; custom_padding__hover=&#8221;|||&#8221;][et_pb_text _builder_version=&#8221;4.16&#8243; box_shadow_style=&#8221;preset3&#8243; global_colors_info=&#8221;{}&#8221;]<\/p>\n<table border=\"1\" width=\"380\">\n<tbody>\n<tr>\n<td><span>Rozmiar<\/span><\/td>\n<td><span>\u015brednica\u00a0<\/span><\/td>\n<\/tr>\n<tr>\n<td><span>\u00a0T1<\/span><\/td>\n<td><span>\u00a029 mm<\/span><\/td>\n<\/tr>\n<tr>\n<td><span>\u00a0T2<\/span><\/td>\n<td><span>\u00a033 mm<\/span><\/td>\n<\/tr>\n<tr>\n<td><span>\u00a0T3<\/span><\/td>\n<td><span>\u00a037 mm<\/span><\/td>\n<\/tr>\n<\/tbody>\n<\/table>\n<p>[\/et_pb_text][\/et_pb_column_inner][et_pb_column_inner type=&#8221;1_2&#8243; saved_specialty_column_type=&#8221;3_4&#8243; _builder_version=&#8221;4.16&#8243; custom_padding=&#8221;|||&#8221; global_colors_info=&#8221;{}&#8221; custom_padding__hover=&#8221;|||&#8221;][et_pb_image src=&#8221;https:\/\/amed.net.pl\/wp-content\/uploads\/2020\/11\/Pessar-CUBE-panpac.png&#8221; show_bottom_space=&#8221;off&#8221; align_tablet=&#8221;center&#8221; align_phone=&#8221;&#8221; align_last_edited=&#8221;on|desktop&#8221; _builder_version=&#8221;4.16&#8243; width=&#8221;62%&#8221; max_width=&#8221;150%&#8221; max_width_tablet=&#8221;&#8221; max_width_phone=&#8221;&#8221; max_width_last_edited=&#8221;on|desktop&#8221; global_colors_info=&#8221;{}&#8221;][\/et_pb_image][\/et_pb_column_inner][\/et_pb_row_inner][et_pb_row_inner column_structure=&#8221;1_2,1_2&#8243; _builder_version=&#8221;4.16&#8243; global_colors_info=&#8221;{}&#8221;][et_pb_column_inner type=&#8221;1_2&#8243; saved_specialty_column_type=&#8221;3_4&#8243; _builder_version=&#8221;4.16&#8243; background_color=&#8221;#ffffff&#8221; custom_padding=&#8221;|||&#8221; global_colors_info=&#8221;{}&#8221; custom_padding__hover=&#8221;|||&#8221;][et_pb_text _builder_version=&#8221;4.16&#8243; text_font=&#8221;||||||||&#8221; text_text_color=&#8221;#ffffff&#8221; background_color=&#8221;#1172c1&#8243; custom_padding=&#8221;10px|10px||10px&#8221; global_colors_info=&#8221;{}&#8221;]<\/p>\n<h3 style=\"text-align: center;\"><span><strong>Wskazania<\/strong><\/span><\/h3>\n<ul>\n<li><span>Cz\u0119\u015bciowe lub ca\u0142kowite wypadanie sklepienia pochwy oraz macicy pierwszego i drugiego stopnia<\/span><\/li>\n<li><span>Po porodzie, przej\u015bciowe wypadanie sklepienia pochwy oraz macicy lub nietrzymanie moczu<\/span><\/li>\n<\/ul>\n<p><span>\u00a0<\/span><\/p>\n<p>[\/et_pb_text][et_pb_text _builder_version=&#8221;4.16&#8243; custom_margin=&#8221;||&#8221; custom_padding=&#8221;10px|10px|10px|10px&#8221; border_width_all=&#8221;6px&#8221; border_color_all=&#8221;#0c71c3&#8243; box_shadow_style=&#8221;preset3&#8243; global_colors_info=&#8221;{}&#8221;]<\/p>\n<p><strong>U\u017cywanie, konserwacja i mycie\u00a0<\/strong><strong>pessara<\/strong><br \/> <span style=\"text-decoration: underline;\">Zasady u\u017cytkowania przez pacjentk\u0119:<\/span><br \/> Co wiecz\u00f3r nale\u017cy wyj\u0105\u0107 pessar kostkowy Cube, umy\u0107 go wod\u0105 z myd\u0142em, op\u0142uka\u0107 i osuszy\u0107. Pessar mo\u017cna ponownie za\u0142o\u017cy\u0107 nast\u0119pnego dnia. Dla \u0142atwiejszego<br \/> za\u0142o\u017cenia zaleca si\u0119 zastosowa\u0107 lubrykant.<\/p>\n<p>[\/et_pb_text][et_pb_cta button_url=&#8221;https:\/\/sklep.amed.net.pl\/product-pol-2186-Pessar-kostkowy-CUBE-zel-Sylk-GRATIS.html&#8221; button_text=&#8221;Odwied\u017a nasz SKLEP !&#8221; _builder_version=&#8221;4.16&#8243; header_level=&#8221;h3&#8243; header_font=&#8221;||||||||&#8221; header_text_align=&#8221;center&#8221; header_font_size=&#8221;27px&#8221; use_background_color=&#8221;off&#8221; custom_button=&#8221;on&#8221; button_text_size=&#8221;27px&#8221; button_text_color=&#8221;#e09900&#8243; button_font=&#8221;||||||||&#8221; button_alignment=&#8221;center&#8221; background_layout=&#8221;light&#8221; animation_style=&#8221;bounce&#8221; box_shadow_style_button=&#8221;preset2&#8243; global_colors_info=&#8221;{}&#8221;]<\/p>\n<h4><span><strong><em><\/em><\/strong><\/span><\/h4>\n<h4><span><strong><em><\/em><\/strong><\/span><\/h4>\n<h4><span><strong><em><\/em><\/strong><\/span><\/h4>\n<h4><span><strong><em><\/em><\/strong><\/span><\/h4>\n<p>[\/et_pb_cta][\/et_pb_column_inner][et_pb_column_inner type=&#8221;1_2&#8243; saved_specialty_column_type=&#8221;3_4&#8243; _builder_version=&#8221;4.16&#8243; custom_padding=&#8221;|||&#8221; global_colors_info=&#8221;{}&#8221; custom_padding__hover=&#8221;|||&#8221;][et_pb_text _builder_version=&#8221;4.16&#8243; text_font=&#8221;||||||||&#8221; text_text_color=&#8221;#ffffff&#8221; header_font=&#8221;||||||||&#8221; background_color=&#8221;#1172c1&#8243; custom_padding=&#8221;10px|10px|10px|10px&#8221; box_shadow_style=&#8221;preset2&#8243; global_colors_info=&#8221;{}&#8221;]<\/p>\n<h3 style=\"text-align: center;\"><strong>Jak dobra\u0107 rozmiar pessara<\/strong><\/h3>\n<ul>\n<li><span>Nie ma zasady wg kt\u00f3rej nale\u017cy dobiera\u0107 odpowiedni rozmiar pessara;<br \/>lekarz jest najlepsz\u0105 osob\u0105, aby zdecydowa\u0107, jaki rozmiar pessara b\u0119dzie \u201eidealny\u201d.<\/span><\/li>\n<li><span>Pierwsza ocena, jaki rozmiar pessara jest odpowiedni, mo\u017ce by\u0107 przeprowadzona poprzez badanie manualne w celu okre\u015blenia szeroko\u015bci wej\u015bcia do pochwy, np. za pomoc\u0105 2-\u00f3ch palc\u00f3w w dw\u00f3ch (2) p\u0142aszczyznach a nast\u0119pnie wyliczy\u0107 \u015bredni\u0105.<\/span><\/li>\n<li><span>Pessar musi by\u0107 wystarczaj\u0105co du\u017cy, aby pozosta\u0107 na miejscu nie powoduj\u0105c u pacjentki dyskomfortu.<\/span><\/li>\n<li><span>Po pierwszym za\u0142o\u017ceniu, aby upewni\u0107 si\u0119, \u017ce zosta\u0142 zastosowany odpowiedni rozmiar, lekarz powinien poprosi\u0107 pacjentk\u0119, aby wsta\u0142a, usiad\u0142a, przesz\u0142a si\u0119, zakaszla\u0142a i przykucn\u0119\u0142a, upewniaj\u0105c si\u0119 przy tym, \u017ce pessar nie zmieni\u0142 swojego umiejscowienia. Pacjentka nie powinna czu\u0107, \u017ce ma za\u0142o\u017cony pessar.<\/span><\/li>\n<li><span>W celu odpowiedniego doboru rozmiaru pessara zaleca si\u0119 posiadanie 3 pessar\u00f3w tzw testowych w r\u00f3\u017cnych rozmiarach, cho\u0107 90% przypadk\u00f3w<br \/>stanowi pessar Standard.<br \/><\/span><\/li>\n<\/ul>\n<p>[\/et_pb_text][et_pb_image align_tablet=&#8221;center&#8221; align_phone=&#8221;&#8221; align_last_edited=&#8221;on|desktop&#8221; _builder_version=&#8221;4.16&#8243; global_colors_info=&#8221;{}&#8221;]&nbsp;<\/p>\n<p style=\"text-align: center;\">[\/et_pb_image][\/et_pb_column_inner][\/et_pb_row_inner][\/et_pb_column][\/et_pb_section]<\/p>\n","protected":false},"excerpt":{"rendered":"<p>&nbsp; &nbsp; Pessar kostkowy CUBE silikonowy, hypoalergiczny\u00a0 \u00a0\u00a0&nbsp; Pessar kostkowy dopasowany do budowy pochwy kobiety ze specjalnymi otworami wydzielinowymi Dost\u0119pny w 3 najbardziej popularnych rozmiarach\u00a0\u00a0 Elastyczny materia\u0142 u\u0142atwia jego zak\u0142adanie i wyjmowanie Do samodzielnego wk\u0142adania i wyjmowania przez pacjentk\u0119 Hipoalergiczny silikon, nie poch\u0142ania zapach\u00f3w oraz wydzielin Przy zak\u0142adaniu pessar\u00f3w polecamy \u017cel nawil\u017caj\u0105cy\u00a0Sylk w saszetkach 2,5 [&hellip;]<\/p>\n","protected":false},"author":2,"featured_media":0,"parent":351,"menu_order":0,"comment_status":"closed","ping_status":"closed","template":"","meta":{"_et_pb_use_builder":"on","_et_pb_old_content":"","_et_gb_content_width":"","footnotes":""},"class_list":["post-4055","page","type-page","status-publish","hentry"],"yoast_head":"<!-- This site is optimized with the Yoast SEO plugin v27.5 - https:\/\/yoast.com\/product\/yoast-seo-wordpress\/ -->\n<title>Pessar kostkowy CUBE - amed.net.pl<\/title>\n<meta name=\"description\" content=\"Efemia pessar podpieraj\u0105cy w wysi\u0142kowym nietrzymania moczu. Do samodzielnego stosowania. Skuteczno\u015b\u0107 i zasada dzia\u0142ania w zapobieganiu nietrzymania moczu ta sama co ta\u015bmy TVT.\" \/>\n<meta name=\"robots\" content=\"index, follow, max-snippet:-1, max-image-preview:large, max-video-preview:-1\" \/>\n<link rel=\"canonical\" href=\"https:\/\/amed.net.pl\/index.php\/produkty\/pessar-gyn-cube-2w1\/pessar-kostkowy-cube\/\" \/>\n<meta property=\"og:locale\" content=\"pl_PL\" \/>\n<meta property=\"og:type\" content=\"article\" \/>\n<meta property=\"og:title\" content=\"Pessar kostkowy CUBE - amed.net.pl\" \/>\n<meta property=\"og:description\" content=\"Efemia pessar podpieraj\u0105cy w wysi\u0142kowym nietrzymania moczu. Do samodzielnego stosowania. Skuteczno\u015b\u0107 i zasada dzia\u0142ania w zapobieganiu nietrzymania moczu ta sama co ta\u015bmy TVT.\" \/>\n<meta property=\"og:url\" content=\"https:\/\/amed.net.pl\/index.php\/produkty\/pessar-gyn-cube-2w1\/pessar-kostkowy-cube\/\" \/>\n<meta property=\"og:site_name\" content=\"amed.net.pl\" \/>\n<meta property=\"article:modified_time\" content=\"2026-02-16T20:05:21+00:00\" \/>\n<meta name=\"twitter:card\" content=\"summary_large_image\" \/>\n<meta name=\"twitter:label1\" content=\"Szacowany czas czytania\" \/>\n\t<meta name=\"twitter:data1\" content=\"6 minut\" \/>\n<script type=\"application\/ld+json\" class=\"yoast-schema-graph\">{\"@context\":\"https:\\\/\\\/schema.org\",\"@graph\":[{\"@type\":\"WebPage\",\"@id\":\"https:\\\/\\\/amed.net.pl\\\/index.php\\\/produkty\\\/pessar-gyn-cube-2w1\\\/pessar-kostkowy-cube\\\/\",\"url\":\"https:\\\/\\\/amed.net.pl\\\/index.php\\\/produkty\\\/pessar-gyn-cube-2w1\\\/pessar-kostkowy-cube\\\/\",\"name\":\"Pessar kostkowy CUBE - amed.net.pl\",\"isPartOf\":{\"@id\":\"https:\\\/\\\/amed.net.pl\\\/#website\"},\"datePublished\":\"2020-11-20T14:31:16+00:00\",\"dateModified\":\"2026-02-16T20:05:21+00:00\",\"description\":\"Efemia pessar podpieraj\u0105cy w wysi\u0142kowym nietrzymania moczu. Do samodzielnego stosowania. Skuteczno\u015b\u0107 i zasada dzia\u0142ania w zapobieganiu nietrzymania moczu ta sama co ta\u015bmy TVT.\",\"breadcrumb\":{\"@id\":\"https:\\\/\\\/amed.net.pl\\\/index.php\\\/produkty\\\/pessar-gyn-cube-2w1\\\/pessar-kostkowy-cube\\\/#breadcrumb\"},\"inLanguage\":\"pl-PL\",\"potentialAction\":[{\"@type\":\"ReadAction\",\"target\":[\"https:\\\/\\\/amed.net.pl\\\/index.php\\\/produkty\\\/pessar-gyn-cube-2w1\\\/pessar-kostkowy-cube\\\/\"]}]},{\"@type\":\"BreadcrumbList\",\"@id\":\"https:\\\/\\\/amed.net.pl\\\/index.php\\\/produkty\\\/pessar-gyn-cube-2w1\\\/pessar-kostkowy-cube\\\/#breadcrumb\",\"itemListElement\":[{\"@type\":\"ListItem\",\"position\":1,\"name\":\"Strona g\u0142\u00f3wna\",\"item\":\"https:\\\/\\\/amed.net.pl\\\/\"},{\"@type\":\"ListItem\",\"position\":2,\"name\":\"Produkty\",\"item\":\"https:\\\/\\\/amed.net.pl\\\/index.php\\\/produkty\\\/\"},{\"@type\":\"ListItem\",\"position\":3,\"name\":\"Pessary\",\"item\":\"https:\\\/\\\/amed.net.pl\\\/index.php\\\/produkty\\\/pessar-gyn-cube-2w1\\\/\"},{\"@type\":\"ListItem\",\"position\":4,\"name\":\"Pessar kostkowy CUBE\"}]},{\"@type\":\"WebSite\",\"@id\":\"https:\\\/\\\/amed.net.pl\\\/#website\",\"url\":\"https:\\\/\\\/amed.net.pl\\\/\",\"name\":\"amed.net.pl\",\"description\":\"Firma AMED - Lider w zaopatrzenie gabinet\u00f3w lekarskich: wzierniki ginekologiczne, wk\u0142adki wewn\u0105trzmaciczne, szczoteczki cytologiczne, cytologia, papiery USG, os\u0142onki do USG\",\"potentialAction\":[{\"@type\":\"SearchAction\",\"target\":{\"@type\":\"EntryPoint\",\"urlTemplate\":\"https:\\\/\\\/amed.net.pl\\\/?s={search_term_string}\"},\"query-input\":{\"@type\":\"PropertyValueSpecification\",\"valueRequired\":true,\"valueName\":\"search_term_string\"}}],\"inLanguage\":\"pl-PL\"}]}<\/script>\n<!-- \/ Yoast SEO plugin. -->","yoast_head_json":{"title":"Pessar kostkowy CUBE - amed.net.pl","description":"Efemia pessar podpieraj\u0105cy w wysi\u0142kowym nietrzymania moczu. Do samodzielnego stosowania. Skuteczno\u015b\u0107 i zasada dzia\u0142ania w zapobieganiu nietrzymania moczu ta sama co ta\u015bmy TVT.","robots":{"index":"index","follow":"follow","max-snippet":"max-snippet:-1","max-image-preview":"max-image-preview:large","max-video-preview":"max-video-preview:-1"},"canonical":"https:\/\/amed.net.pl\/index.php\/produkty\/pessar-gyn-cube-2w1\/pessar-kostkowy-cube\/","og_locale":"pl_PL","og_type":"article","og_title":"Pessar kostkowy CUBE - amed.net.pl","og_description":"Efemia pessar podpieraj\u0105cy w wysi\u0142kowym nietrzymania moczu. Do samodzielnego stosowania. Skuteczno\u015b\u0107 i zasada dzia\u0142ania w zapobieganiu nietrzymania moczu ta sama co ta\u015bmy TVT.","og_url":"https:\/\/amed.net.pl\/index.php\/produkty\/pessar-gyn-cube-2w1\/pessar-kostkowy-cube\/","og_site_name":"amed.net.pl","article_modified_time":"2026-02-16T20:05:21+00:00","twitter_card":"summary_large_image","twitter_misc":{"Szacowany czas czytania":"6 minut"},"schema":{"@context":"https:\/\/schema.org","@graph":[{"@type":"WebPage","@id":"https:\/\/amed.net.pl\/index.php\/produkty\/pessar-gyn-cube-2w1\/pessar-kostkowy-cube\/","url":"https:\/\/amed.net.pl\/index.php\/produkty\/pessar-gyn-cube-2w1\/pessar-kostkowy-cube\/","name":"Pessar kostkowy CUBE - amed.net.pl","isPartOf":{"@id":"https:\/\/amed.net.pl\/#website"},"datePublished":"2020-11-20T14:31:16+00:00","dateModified":"2026-02-16T20:05:21+00:00","description":"Efemia pessar podpieraj\u0105cy w wysi\u0142kowym nietrzymania moczu. Do samodzielnego stosowania. Skuteczno\u015b\u0107 i zasada dzia\u0142ania w zapobieganiu nietrzymania moczu ta sama co ta\u015bmy TVT.","breadcrumb":{"@id":"https:\/\/amed.net.pl\/index.php\/produkty\/pessar-gyn-cube-2w1\/pessar-kostkowy-cube\/#breadcrumb"},"inLanguage":"pl-PL","potentialAction":[{"@type":"ReadAction","target":["https:\/\/amed.net.pl\/index.php\/produkty\/pessar-gyn-cube-2w1\/pessar-kostkowy-cube\/"]}]},{"@type":"BreadcrumbList","@id":"https:\/\/amed.net.pl\/index.php\/produkty\/pessar-gyn-cube-2w1\/pessar-kostkowy-cube\/#breadcrumb","itemListElement":[{"@type":"ListItem","position":1,"name":"Strona g\u0142\u00f3wna","item":"https:\/\/amed.net.pl\/"},{"@type":"ListItem","position":2,"name":"Produkty","item":"https:\/\/amed.net.pl\/index.php\/produkty\/"},{"@type":"ListItem","position":3,"name":"Pessary","item":"https:\/\/amed.net.pl\/index.php\/produkty\/pessar-gyn-cube-2w1\/"},{"@type":"ListItem","position":4,"name":"Pessar kostkowy CUBE"}]},{"@type":"WebSite","@id":"https:\/\/amed.net.pl\/#website","url":"https:\/\/amed.net.pl\/","name":"amed.net.pl","description":"Firma AMED - Lider w zaopatrzenie gabinet\u00f3w lekarskich: wzierniki ginekologiczne, wk\u0142adki wewn\u0105trzmaciczne, szczoteczki cytologiczne, cytologia, papiery USG, os\u0142onki do USG","potentialAction":[{"@type":"SearchAction","target":{"@type":"EntryPoint","urlTemplate":"https:\/\/amed.net.pl\/?s={search_term_string}"},"query-input":{"@type":"PropertyValueSpecification","valueRequired":true,"valueName":"search_term_string"}}],"inLanguage":"pl-PL"}]}},"_links":{"self":[{"href":"https:\/\/amed.net.pl\/index.php\/wp-json\/wp\/v2\/pages\/4055","targetHints":{"allow":["GET"]}}],"collection":[{"href":"https:\/\/amed.net.pl\/index.php\/wp-json\/wp\/v2\/pages"}],"about":[{"href":"https:\/\/amed.net.pl\/index.php\/wp-json\/wp\/v2\/types\/page"}],"author":[{"embeddable":true,"href":"https:\/\/amed.net.pl\/index.php\/wp-json\/wp\/v2\/users\/2"}],"replies":[{"embeddable":true,"href":"https:\/\/amed.net.pl\/index.php\/wp-json\/wp\/v2\/comments?post=4055"}],"version-history":[{"count":19,"href":"https:\/\/amed.net.pl\/index.php\/wp-json\/wp\/v2\/pages\/4055\/revisions"}],"predecessor-version":[{"id":5327,"href":"https:\/\/amed.net.pl\/index.php\/wp-json\/wp\/v2\/pages\/4055\/revisions\/5327"}],"up":[{"embeddable":true,"href":"https:\/\/amed.net.pl\/index.php\/wp-json\/wp\/v2\/pages\/351"}],"wp:attachment":[{"href":"https:\/\/amed.net.pl\/index.php\/wp-json\/wp\/v2\/media?parent=4055"}],"curies":[{"name":"wp","href":"https:\/\/api.w.org\/{rel}","templated":true}]}}