{"id":3852,"date":"2020-03-13T21:49:03","date_gmt":"2020-03-13T20:49:03","guid":{"rendered":"http:\/\/amed.net.pl\/?page_id=3852"},"modified":"2026-02-17T22:00:39","modified_gmt":"2026-02-17T21:00:39","slug":"wkladka-wewnatrzmaciczna-mona-lisa-nt-cu380-i-cu380-mini","status":"publish","type":"page","link":"https:\/\/amed.net.pl\/index.php\/produkty\/ginekologia-i-poloznictwo\/wkladki-wewnatrzmaciczne\/wkladka-wewnatrzmaciczna-mona-lisa\/wkladka-wewnatrzmaciczna-mona-lisa-nt-cu380-i-cu380-mini\/","title":{"rendered":"Wk\u0142adka wewn\u0105trzmaciczna Mona Lisa NT Cu380 i Cu380 Mini"},"content":{"rendered":"<p>[et_pb_section fb_built=&#8221;1&#8243; specialty=&#8221;on&#8221; module_class=&#8221; et_pb_specialty_fullwidth&#8221; _builder_version=&#8221;4.16&#8243; inner_width=&#8221;89%&#8221; inner_width_tablet=&#8221;80%&#8221; inner_width_phone=&#8221;&#8221; inner_width_last_edited=&#8221;on|desktop&#8221; inner_max_width=&#8221;89%&#8221; inner_max_width_tablet=&#8221;80%&#8221; inner_max_width_phone=&#8221;&#8221; inner_max_width_last_edited=&#8221;on|desktop&#8221; custom_padding=&#8221;50.5125px|6px|50.5125px|0px||&#8221; make_fullwidth=&#8221;on&#8221; global_colors_info=&#8221;{}&#8221;][et_pb_column type=&#8221;1_4&#8243; _builder_version=&#8221;4.16&#8243; custom_padding=&#8221;|||&#8221; global_colors_info=&#8221;{}&#8221; custom_padding__hover=&#8221;|||&#8221;][et_pb_search _builder_version=&#8221;4.16&#8243; global_colors_info=&#8221;{}&#8221; button_text_size__hover_enabled=&#8221;off&#8221; button_one_text_size__hover_enabled=&#8221;off&#8221; button_two_text_size__hover_enabled=&#8221;off&#8221; button_text_color__hover_enabled=&#8221;off&#8221; button_one_text_color__hover_enabled=&#8221;off&#8221; button_two_text_color__hover_enabled=&#8221;off&#8221; button_border_width__hover_enabled=&#8221;off&#8221; button_one_border_width__hover_enabled=&#8221;off&#8221; button_two_border_width__hover_enabled=&#8221;off&#8221; button_border_color__hover_enabled=&#8221;off&#8221; button_one_border_color__hover_enabled=&#8221;off&#8221; button_two_border_color__hover_enabled=&#8221;off&#8221; button_border_radius__hover_enabled=&#8221;off&#8221; button_one_border_radius__hover_enabled=&#8221;off&#8221; button_two_border_radius__hover_enabled=&#8221;off&#8221; button_letter_spacing__hover_enabled=&#8221;off&#8221; button_one_letter_spacing__hover_enabled=&#8221;off&#8221; button_two_letter_spacing__hover_enabled=&#8221;off&#8221; button_bg_color__hover_enabled=&#8221;off&#8221; button_one_bg_color__hover_enabled=&#8221;off&#8221; button_two_bg_color__hover_enabled=&#8221;off&#8221;][\/et_pb_search][et_pb_social_media_follow follow_button=&#8221;on&#8221; _builder_version=&#8221;4.16&#8243; background_layout=&#8221;dark&#8221; global_colors_info=&#8221;{}&#8221;][et_pb_social_media_follow_network social_network=&#8221;facebook&#8221; url=&#8221;https:\/\/www.facebook.com\/AmedPolska\/&#8221; _builder_version=&#8221;4.16&#8243; background_color=&#8221;#e09900&#8243; global_colors_info=&#8221;{}&#8221; follow_button=&#8221;on&#8221; url_new_window=&#8221;on&#8221;]facebook[\/et_pb_social_media_follow_network][\/et_pb_social_media_follow][et_pb_sidebar area=&#8221;et_pb_widget_area_15&#8243; _builder_version=&#8221;4.16&#8243; global_colors_info=&#8221;{}&#8221;][\/et_pb_sidebar][\/et_pb_column][et_pb_column type=&#8221;3_4&#8243; specialty_columns=&#8221;3&#8243; _builder_version=&#8221;4.16&#8243; custom_padding=&#8221;|||&#8221; global_colors_info=&#8221;{}&#8221; custom_padding__hover=&#8221;|||&#8221;][et_pb_row_inner admin_label=&#8221;Wiersz&#8221; _builder_version=&#8221;4.16&#8243; custom_padding=&#8221;27px|0px|27px|0px&#8221; global_colors_info=&#8221;{}&#8221;][et_pb_column_inner saved_specialty_column_type=&#8221;3_4&#8243; _builder_version=&#8221;4.16&#8243; custom_padding=&#8221;|||&#8221; global_colors_info=&#8221;{}&#8221; custom_padding__hover=&#8221;|||&#8221;][et_pb_text _builder_version=&#8221;4.27.5&#8243; custom_margin=&#8221;||-5px|||&#8221; custom_padding=&#8221;10px|10px|10px|20px&#8221; hover_enabled=&#8221;0&#8243; global_colors_info=&#8221;{}&#8221; sticky_enabled=&#8221;0&#8243;]<\/p>\n<h1 style=\"text-align: left;\"><span style=\"color: #0c71c3;\">Mona Lisa\u00ae NT Cu380 i NT Cu380 Mini<\/span><\/h1>\n<p>[\/et_pb_text][et_pb_text _builder_version=&#8221;4.27.5&#8243; custom_padding=&#8221;10px|10px|10px|20px&#8221; hover_enabled=&#8221;0&#8243; global_colors_info=&#8221;{}&#8221; sticky_enabled=&#8221;0&#8243;]<\/p>\n<h1 style=\"text-align: left;\">Wk\u0142adka wewn\u0105trzmaciczna<\/h1>\n<p style=\"text-align: center;\">[\/et_pb_text][et_pb_text _builder_version=&#8221;4.16&#8243; custom_padding=&#8221;|||2px||&#8221; global_colors_info=&#8221;{}&#8221;]<\/p>\n<p><strong><\/strong><\/p>\n<p><strong>Wk\u0142adka wewn\u0105trzmaciczna Mona Lisa NT Cu380 \/ NT Cu380 Mini<\/strong> jest identyczny jak \u201e<strong>Nova T 380<\/strong>\u201d. Ten model <strong>wk\u0142adki wewn\u0105trzmacicznej<\/strong> wymaga wst\u0119pnego wprowadzenia wk\u0142adki do aplikatora przed jej za\u0142o\u017ceniem pacjentce.\u00a0W przeciwie\u0144stwie do modelu CuT 380A, poziome ramiona nale\u017cy wci\u0105gn\u0105\u0107 do rurki aplikatora poci\u0105gaj\u0105c za d\u0142ugie nici wystaj\u0105ce na ko\u0144cu aplikatora.<\/p>\n<p>Ten model wk\u0142adki Mona Lisa jest dost\u0119pny w dw\u00f3ch wersjach:\u00a0<span><strong>NT Cu380<\/strong> i <strong>NT Cu380 Mini<\/strong><\/span><\/p>\n<p><span><\/span><\/p>\n<p><span>Okres antykoncepcji do 5 lat<\/span><\/p>\n<p><span><\/span><\/p>\n<p>[\/et_pb_text][\/et_pb_column_inner][\/et_pb_row_inner][et_pb_row_inner column_structure=&#8221;1_2,1_2&#8243; admin_label=&#8221;Wiersz&#8221; _builder_version=&#8221;4.16&#8243; min_height=&#8221;1018px&#8221; custom_margin=&#8221;||-236px|||&#8221; custom_padding=&#8221;0px||0px|||&#8221; global_colors_info=&#8221;{}&#8221;][et_pb_column_inner type=&#8221;1_2&#8243; saved_specialty_column_type=&#8221;3_4&#8243; _builder_version=&#8221;4.16&#8243; custom_padding=&#8221;|||&#8221; global_colors_info=&#8221;{}&#8221; custom_padding__hover=&#8221;|||&#8221;][et_pb_image src=&#8221;https:\/\/amed.net.pl\/wp-content\/uploads\/2020\/03\/NT-standard.png&#8221; alt=&#8221;wk\u0142adka wewn\u0105trzmaciczna NT Cu380&#8243; title_text=&#8221;wk\u0142adka wewn\u0105trzmaciczna NT Cu380&#8243; _builder_version=&#8221;4.27.5&#8243; _module_preset=&#8221;default&#8221; global_colors_info=&#8221;{}&#8221;][\/et_pb_image][et_pb_image src=&#8221;https:\/\/amed.net.pl\/wp-content\/uploads\/2020\/03\/NT-SL.png&#8221; alt=&#8221;wk\u0142adka wewn\u0105trzmaciczna NT Cu380&#8243; title_text=&#8221;wk\u0142adka wewn\u0105trzmaciczna NT Cu380&#8243; _builder_version=&#8221;4.27.5&#8243; _module_preset=&#8221;default&#8221; global_colors_info=&#8221;{}&#8221;][\/et_pb_image][\/et_pb_column_inner][et_pb_column_inner type=&#8221;1_2&#8243; saved_specialty_column_type=&#8221;3_4&#8243; _builder_version=&#8221;4.16&#8243; custom_padding=&#8221;|||&#8221; global_colors_info=&#8221;{}&#8221; custom_padding__hover=&#8221;|||&#8221;][et_pb_text _builder_version=&#8221;4.27.5&#8243; header_font=&#8221;||||||||&#8221; header_2_line_height=&#8221;1.1em&#8221; custom_padding=&#8221;0px|10px|10px|2px||&#8221; inline_fonts=&#8221;Artifika,Abel,Lancelot&#8221; global_colors_info=&#8221;{}&#8221;]<\/p>\n<h2 style=\"text-align: center;\"><\/h2>\n<blockquote>\n<ul>\n<li><strong>r<\/strong><strong>ozmiar<\/strong>\u00a0<strong>STANDARD:<\/strong><\/li>\n<li><strong>w<\/strong><strong>ymiary:\u00a0<\/strong><span style=\"font-size: 14px;\">szeroko\u015b\u0107: 31,8 mm, d\u0142ugo\u015b\u0107: 31,9 mm<\/span><\/li>\n<li>\u00a0rekomendowana dla pacjentek z d\u0142ugo\u015bci\u0105 macicy 6-9 cm<span style=\"font-size: 14px;\"> <\/span><\/li>\n<li><b>rozmiar MINI:<\/b><\/li>\n<li><strong style=\"font-size: 14px;\">w<\/strong><strong style=\"font-size: 14px;\">ymiary:<\/strong><span style=\"font-size: 14px;\"> szeroko\u015b\u0107: 24 mm, d\u0142ugo\u015b\u0107: 30 mm<\/span><strong>\u00a0<\/strong><\/li>\n<li><span>rekomendowana dla pacjentek z d\u0142ugo\u015bci\u0105 macicy 5-8 cm<\/span><span>\u00a0<\/span><\/li>\n<li><strong>p<\/strong><strong>oliuretanowa rama i drucik s\u0105 widoczne w RTG<\/strong><strong>\u00a0<\/strong><\/li>\n<li><span>powierzchnia miedzi 380 mm <sup>2<strong>\u00a0 <\/strong><\/sup>w formie drucika spiralnie okr\u0119conego wok\u00f3\u0142 pionowej osi <\/span><\/li>\n<li><span>antykoncepcja do 5 lat <\/span><\/li>\n<li><span>prosta obs\u0142uga \u2013 poprzeczne ramiona wk\u0142adki wci\u0105gamy do rurki aplikatora za poci\u0105gaj\u0105c za d\u0142ugie nici wystaj\u0105ce na ko\u0144cu aplikatora<\/span><\/li>\n<li><span>niski wska\u017anik PID ( zapalenia narz\u0105d\u00f3w miednicy mniejszej) <strong>wk\u0142adki wewn\u0105trzmacicznej NT Cu380<\/strong><\/span><\/li>\n<li><span>nylonowa nitka wykonana z odpornego na rozerwanie, ale jednocze\u015bnie mi\u0119kkiego materia\u0142u, nie podra\u017cnia \u015bcian pochwy<\/span><\/li>\n<li>wysoka czysto\u015b\u0107 miedzi 99,99%, co minimalizuje ewentualn\u0105 reakcj\u0119 alergiczn\u0105<\/li>\n<\/ul>\n<\/blockquote>\n<blockquote><\/blockquote>\n<p>[\/et_pb_text][\/et_pb_column_inner][\/et_pb_row_inner][et_pb_row_inner _builder_version=&#8221;4.16&#8243; global_colors_info=&#8221;{}&#8221;][et_pb_column_inner saved_specialty_column_type=&#8221;3_4&#8243; _builder_version=&#8221;4.16&#8243; global_colors_info=&#8221;{}&#8221;][et_pb_text _builder_version=&#8221;4.27.5&#8243; header_4_line_height=&#8221;1.2em&#8221; custom_margin=&#8221;-260px|||||&#8221; custom_padding=&#8221;69px|||||&#8221; global_colors_info=&#8221;{}&#8221;]<\/p>\n<h4><\/h4>\n<h4><strong><\/strong><\/h4>\n<h4><strong><\/strong><\/h4>\n<h4><strong><\/strong><\/h4>\n<h4><strong><\/strong><\/h4>\n<h4><strong><\/strong><\/h4>\n<h4><strong><\/strong><\/h4>\n<h4><strong><\/strong><\/h4>\n<h4><strong><\/strong><\/h4>\n<h4><strong><\/strong><\/h4>\n<h4><strong><\/strong><\/h4>\n<h4><strong><\/strong><\/h4>\n<h4 style=\"text-align: center;\"><strong>JAK ZA\u0141O\u017bY\u0106 I WYJ\u0104\u0106 WK\u0141ADK\u0118 WEWN\u0104TRZMACICZN\u0104 MONA LISA NT Cu380 i NT Cu380 Mini<\/strong><\/h4>\n<h4>OBEJRZYJ FILM INSTRUKTA\u017bOWY<\/h4>\n<p>[\/et_pb_text][et_pb_video src=&#8221;https:\/\/www.youtube.com\/watch?time_continue=225&#038;v=115PdkY9gYY&#038;feature=emb_title&#8221; _builder_version=&#8221;4.16&#8243; custom_margin=&#8221;||-31px|||&#8221; global_colors_info=&#8221;{}&#8221;][\/et_pb_video][et_pb_video src=&#8221;https:\/\/youtu.be\/115PdkY9gYY&#8221; _builder_version=&#8221;4.16&#8243; global_colors_info=&#8221;{}&#8221;][\/et_pb_video][\/et_pb_column_inner][\/et_pb_row_inner][\/et_pb_column][\/et_pb_section]<\/p>\n","protected":false},"excerpt":{"rendered":"<p>Mona Lisa\u00ae NT Cu380 i NT Cu380 MiniWk\u0142adka wewn\u0105trzmaciczna Wk\u0142adka wewn\u0105trzmaciczna Mona Lisa NT Cu380 \/ NT Cu380 Mini jest identyczny jak \u201eNova T 380\u201d. Ten model wk\u0142adki wewn\u0105trzmacicznej wymaga wst\u0119pnego wprowadzenia wk\u0142adki do aplikatora przed jej za\u0142o\u017ceniem pacjentce.\u00a0W przeciwie\u0144stwie do modelu CuT 380A, poziome ramiona nale\u017cy wci\u0105gn\u0105\u0107 do rurki aplikatora poci\u0105gaj\u0105c za d\u0142ugie nici [&hellip;]<\/p>\n","protected":false},"author":2,"featured_media":0,"parent":3717,"menu_order":0,"comment_status":"closed","ping_status":"closed","template":"","meta":{"_et_pb_use_builder":"on","_et_pb_old_content":"","_et_gb_content_width":"","footnotes":""},"class_list":["post-3852","page","type-page","status-publish","hentry"],"yoast_head":"<!-- This site is optimized with the Yoast SEO plugin v27.5 - https:\/\/yoast.com\/product\/yoast-seo-wordpress\/ -->\n<title>Wk\u0142adka wewn\u0105trzmaciczna Mona Lisa NT Cu380 i Cu380 Mini<\/title>\n<meta name=\"description\" content=\"Wk\u0142adka wewn\u0105trzmaciczna Mona Lisa NT Cu380 jest identyczna jak \u201eNova T 380\u201d. Ten model wk\u0142adki jest dost\u0119pny w dw\u00f3ch wersjach: NT Cu380 i NT Cu380 Mini.\" \/>\n<meta name=\"robots\" content=\"index, follow, max-snippet:-1, max-image-preview:large, max-video-preview:-1\" \/>\n<link rel=\"canonical\" href=\"https:\/\/amed.net.pl\/index.php\/produkty\/ginekologia-i-poloznictwo\/wkladki-wewnatrzmaciczne\/wkladka-wewnatrzmaciczna-mona-lisa\/wkladka-wewnatrzmaciczna-mona-lisa-nt-cu380-i-cu380-mini\/\" \/>\n<meta property=\"og:locale\" content=\"pl_PL\" \/>\n<meta property=\"og:type\" content=\"article\" \/>\n<meta property=\"og:title\" content=\"Wk\u0142adka wewn\u0105trzmaciczna Mona Lisa NT Cu380 i Cu380 Mini\" \/>\n<meta property=\"og:description\" content=\"Wk\u0142adka wewn\u0105trzmaciczna Mona Lisa NT Cu380 jest identyczna jak \u201eNova T 380\u201d. Ten model wk\u0142adki jest dost\u0119pny w dw\u00f3ch wersjach: NT Cu380 i NT Cu380 Mini.\" \/>\n<meta property=\"og:url\" content=\"https:\/\/amed.net.pl\/index.php\/produkty\/ginekologia-i-poloznictwo\/wkladki-wewnatrzmaciczne\/wkladka-wewnatrzmaciczna-mona-lisa\/wkladka-wewnatrzmaciczna-mona-lisa-nt-cu380-i-cu380-mini\/\" \/>\n<meta property=\"og:site_name\" content=\"amed.net.pl\" \/>\n<meta property=\"article:modified_time\" content=\"2026-02-17T21:00:39+00:00\" \/>\n<meta name=\"twitter:card\" content=\"summary_large_image\" \/>\n<meta name=\"twitter:label1\" content=\"Szacowany czas czytania\" \/>\n\t<meta name=\"twitter:data1\" content=\"5 minut\" \/>\n<script type=\"application\/ld+json\" class=\"yoast-schema-graph\">{\"@context\":\"https:\\\/\\\/schema.org\",\"@graph\":[{\"@type\":\"WebPage\",\"@id\":\"https:\\\/\\\/amed.net.pl\\\/index.php\\\/produkty\\\/ginekologia-i-poloznictwo\\\/wkladki-wewnatrzmaciczne\\\/wkladka-wewnatrzmaciczna-mona-lisa\\\/wkladka-wewnatrzmaciczna-mona-lisa-nt-cu380-i-cu380-mini\\\/\",\"url\":\"https:\\\/\\\/amed.net.pl\\\/index.php\\\/produkty\\\/ginekologia-i-poloznictwo\\\/wkladki-wewnatrzmaciczne\\\/wkladka-wewnatrzmaciczna-mona-lisa\\\/wkladka-wewnatrzmaciczna-mona-lisa-nt-cu380-i-cu380-mini\\\/\",\"name\":\"Wk\u0142adka wewn\u0105trzmaciczna Mona Lisa NT Cu380 i Cu380 Mini\",\"isPartOf\":{\"@id\":\"https:\\\/\\\/amed.net.pl\\\/#website\"},\"datePublished\":\"2020-03-13T20:49:03+00:00\",\"dateModified\":\"2026-02-17T21:00:39+00:00\",\"description\":\"Wk\u0142adka wewn\u0105trzmaciczna Mona Lisa NT Cu380 jest identyczna jak \u201eNova T 380\u201d. Ten model wk\u0142adki jest dost\u0119pny w dw\u00f3ch wersjach: NT Cu380 i NT Cu380 Mini.\",\"breadcrumb\":{\"@id\":\"https:\\\/\\\/amed.net.pl\\\/index.php\\\/produkty\\\/ginekologia-i-poloznictwo\\\/wkladki-wewnatrzmaciczne\\\/wkladka-wewnatrzmaciczna-mona-lisa\\\/wkladka-wewnatrzmaciczna-mona-lisa-nt-cu380-i-cu380-mini\\\/#breadcrumb\"},\"inLanguage\":\"pl-PL\",\"potentialAction\":[{\"@type\":\"ReadAction\",\"target\":[\"https:\\\/\\\/amed.net.pl\\\/index.php\\\/produkty\\\/ginekologia-i-poloznictwo\\\/wkladki-wewnatrzmaciczne\\\/wkladka-wewnatrzmaciczna-mona-lisa\\\/wkladka-wewnatrzmaciczna-mona-lisa-nt-cu380-i-cu380-mini\\\/\"]}]},{\"@type\":\"BreadcrumbList\",\"@id\":\"https:\\\/\\\/amed.net.pl\\\/index.php\\\/produkty\\\/ginekologia-i-poloznictwo\\\/wkladki-wewnatrzmaciczne\\\/wkladka-wewnatrzmaciczna-mona-lisa\\\/wkladka-wewnatrzmaciczna-mona-lisa-nt-cu380-i-cu380-mini\\\/#breadcrumb\",\"itemListElement\":[{\"@type\":\"ListItem\",\"position\":1,\"name\":\"Strona g\u0142\u00f3wna\",\"item\":\"https:\\\/\\\/amed.net.pl\\\/\"},{\"@type\":\"ListItem\",\"position\":2,\"name\":\"Produkty\",\"item\":\"https:\\\/\\\/amed.net.pl\\\/index.php\\\/produkty\\\/\"},{\"@type\":\"ListItem\",\"position\":3,\"name\":\"Ginekologia i Po\u0142o\u017cnictwo\",\"item\":\"https:\\\/\\\/amed.net.pl\\\/index.php\\\/produkty\\\/ginekologia-i-poloznictwo\\\/\"},{\"@type\":\"ListItem\",\"position\":4,\"name\":\"Wk\u0142adki wewn\u0105trzmaciczne\",\"item\":\"https:\\\/\\\/amed.net.pl\\\/index.php\\\/produkty\\\/ginekologia-i-poloznictwo\\\/wkladki-wewnatrzmaciczne\\\/\"},{\"@type\":\"ListItem\",\"position\":5,\"name\":\"Wk\u0142adka wewn\u0105trzmaciczna Mona Lisa\",\"item\":\"https:\\\/\\\/amed.net.pl\\\/index.php\\\/produkty\\\/ginekologia-i-poloznictwo\\\/wkladki-wewnatrzmaciczne\\\/wkladka-wewnatrzmaciczna-mona-lisa\\\/\"},{\"@type\":\"ListItem\",\"position\":6,\"name\":\"Wk\u0142adka wewn\u0105trzmaciczna Mona Lisa NT Cu380 i Cu380 Mini\"}]},{\"@type\":\"WebSite\",\"@id\":\"https:\\\/\\\/amed.net.pl\\\/#website\",\"url\":\"https:\\\/\\\/amed.net.pl\\\/\",\"name\":\"amed.net.pl\",\"description\":\"Firma AMED - Lider w zaopatrzenie gabinet\u00f3w lekarskich: wzierniki ginekologiczne, wk\u0142adki wewn\u0105trzmaciczne, szczoteczki cytologiczne, cytologia, papiery USG, os\u0142onki do USG\",\"potentialAction\":[{\"@type\":\"SearchAction\",\"target\":{\"@type\":\"EntryPoint\",\"urlTemplate\":\"https:\\\/\\\/amed.net.pl\\\/?s={search_term_string}\"},\"query-input\":{\"@type\":\"PropertyValueSpecification\",\"valueRequired\":true,\"valueName\":\"search_term_string\"}}],\"inLanguage\":\"pl-PL\"}]}<\/script>\n<!-- \/ Yoast SEO plugin. -->","yoast_head_json":{"title":"Wk\u0142adka wewn\u0105trzmaciczna Mona Lisa NT Cu380 i Cu380 Mini","description":"Wk\u0142adka wewn\u0105trzmaciczna Mona Lisa NT Cu380 jest identyczna jak \u201eNova T 380\u201d. Ten model wk\u0142adki jest dost\u0119pny w dw\u00f3ch wersjach: NT Cu380 i NT Cu380 Mini.","robots":{"index":"index","follow":"follow","max-snippet":"max-snippet:-1","max-image-preview":"max-image-preview:large","max-video-preview":"max-video-preview:-1"},"canonical":"https:\/\/amed.net.pl\/index.php\/produkty\/ginekologia-i-poloznictwo\/wkladki-wewnatrzmaciczne\/wkladka-wewnatrzmaciczna-mona-lisa\/wkladka-wewnatrzmaciczna-mona-lisa-nt-cu380-i-cu380-mini\/","og_locale":"pl_PL","og_type":"article","og_title":"Wk\u0142adka wewn\u0105trzmaciczna Mona Lisa NT Cu380 i Cu380 Mini","og_description":"Wk\u0142adka wewn\u0105trzmaciczna Mona Lisa NT Cu380 jest identyczna jak \u201eNova T 380\u201d. Ten model wk\u0142adki jest dost\u0119pny w dw\u00f3ch wersjach: NT Cu380 i NT Cu380 Mini.","og_url":"https:\/\/amed.net.pl\/index.php\/produkty\/ginekologia-i-poloznictwo\/wkladki-wewnatrzmaciczne\/wkladka-wewnatrzmaciczna-mona-lisa\/wkladka-wewnatrzmaciczna-mona-lisa-nt-cu380-i-cu380-mini\/","og_site_name":"amed.net.pl","article_modified_time":"2026-02-17T21:00:39+00:00","twitter_card":"summary_large_image","twitter_misc":{"Szacowany czas czytania":"5 minut"},"schema":{"@context":"https:\/\/schema.org","@graph":[{"@type":"WebPage","@id":"https:\/\/amed.net.pl\/index.php\/produkty\/ginekologia-i-poloznictwo\/wkladki-wewnatrzmaciczne\/wkladka-wewnatrzmaciczna-mona-lisa\/wkladka-wewnatrzmaciczna-mona-lisa-nt-cu380-i-cu380-mini\/","url":"https:\/\/amed.net.pl\/index.php\/produkty\/ginekologia-i-poloznictwo\/wkladki-wewnatrzmaciczne\/wkladka-wewnatrzmaciczna-mona-lisa\/wkladka-wewnatrzmaciczna-mona-lisa-nt-cu380-i-cu380-mini\/","name":"Wk\u0142adka wewn\u0105trzmaciczna Mona Lisa NT Cu380 i Cu380 Mini","isPartOf":{"@id":"https:\/\/amed.net.pl\/#website"},"datePublished":"2020-03-13T20:49:03+00:00","dateModified":"2026-02-17T21:00:39+00:00","description":"Wk\u0142adka wewn\u0105trzmaciczna Mona Lisa NT Cu380 jest identyczna jak \u201eNova T 380\u201d. Ten model wk\u0142adki jest dost\u0119pny w dw\u00f3ch wersjach: NT Cu380 i NT Cu380 Mini.","breadcrumb":{"@id":"https:\/\/amed.net.pl\/index.php\/produkty\/ginekologia-i-poloznictwo\/wkladki-wewnatrzmaciczne\/wkladka-wewnatrzmaciczna-mona-lisa\/wkladka-wewnatrzmaciczna-mona-lisa-nt-cu380-i-cu380-mini\/#breadcrumb"},"inLanguage":"pl-PL","potentialAction":[{"@type":"ReadAction","target":["https:\/\/amed.net.pl\/index.php\/produkty\/ginekologia-i-poloznictwo\/wkladki-wewnatrzmaciczne\/wkladka-wewnatrzmaciczna-mona-lisa\/wkladka-wewnatrzmaciczna-mona-lisa-nt-cu380-i-cu380-mini\/"]}]},{"@type":"BreadcrumbList","@id":"https:\/\/amed.net.pl\/index.php\/produkty\/ginekologia-i-poloznictwo\/wkladki-wewnatrzmaciczne\/wkladka-wewnatrzmaciczna-mona-lisa\/wkladka-wewnatrzmaciczna-mona-lisa-nt-cu380-i-cu380-mini\/#breadcrumb","itemListElement":[{"@type":"ListItem","position":1,"name":"Strona g\u0142\u00f3wna","item":"https:\/\/amed.net.pl\/"},{"@type":"ListItem","position":2,"name":"Produkty","item":"https:\/\/amed.net.pl\/index.php\/produkty\/"},{"@type":"ListItem","position":3,"name":"Ginekologia i Po\u0142o\u017cnictwo","item":"https:\/\/amed.net.pl\/index.php\/produkty\/ginekologia-i-poloznictwo\/"},{"@type":"ListItem","position":4,"name":"Wk\u0142adki wewn\u0105trzmaciczne","item":"https:\/\/amed.net.pl\/index.php\/produkty\/ginekologia-i-poloznictwo\/wkladki-wewnatrzmaciczne\/"},{"@type":"ListItem","position":5,"name":"Wk\u0142adka wewn\u0105trzmaciczna Mona Lisa","item":"https:\/\/amed.net.pl\/index.php\/produkty\/ginekologia-i-poloznictwo\/wkladki-wewnatrzmaciczne\/wkladka-wewnatrzmaciczna-mona-lisa\/"},{"@type":"ListItem","position":6,"name":"Wk\u0142adka wewn\u0105trzmaciczna Mona Lisa NT Cu380 i Cu380 Mini"}]},{"@type":"WebSite","@id":"https:\/\/amed.net.pl\/#website","url":"https:\/\/amed.net.pl\/","name":"amed.net.pl","description":"Firma AMED - Lider w zaopatrzenie gabinet\u00f3w lekarskich: wzierniki ginekologiczne, wk\u0142adki wewn\u0105trzmaciczne, szczoteczki cytologiczne, cytologia, papiery USG, os\u0142onki do USG","potentialAction":[{"@type":"SearchAction","target":{"@type":"EntryPoint","urlTemplate":"https:\/\/amed.net.pl\/?s={search_term_string}"},"query-input":{"@type":"PropertyValueSpecification","valueRequired":true,"valueName":"search_term_string"}}],"inLanguage":"pl-PL"}]}},"_links":{"self":[{"href":"https:\/\/amed.net.pl\/index.php\/wp-json\/wp\/v2\/pages\/3852","targetHints":{"allow":["GET"]}}],"collection":[{"href":"https:\/\/amed.net.pl\/index.php\/wp-json\/wp\/v2\/pages"}],"about":[{"href":"https:\/\/amed.net.pl\/index.php\/wp-json\/wp\/v2\/types\/page"}],"author":[{"embeddable":true,"href":"https:\/\/amed.net.pl\/index.php\/wp-json\/wp\/v2\/users\/2"}],"replies":[{"embeddable":true,"href":"https:\/\/amed.net.pl\/index.php\/wp-json\/wp\/v2\/comments?post=3852"}],"version-history":[{"count":18,"href":"https:\/\/amed.net.pl\/index.php\/wp-json\/wp\/v2\/pages\/3852\/revisions"}],"predecessor-version":[{"id":5455,"href":"https:\/\/amed.net.pl\/index.php\/wp-json\/wp\/v2\/pages\/3852\/revisions\/5455"}],"up":[{"embeddable":true,"href":"https:\/\/amed.net.pl\/index.php\/wp-json\/wp\/v2\/pages\/3717"}],"wp:attachment":[{"href":"https:\/\/amed.net.pl\/index.php\/wp-json\/wp\/v2\/media?parent=3852"}],"curies":[{"name":"wp","href":"https:\/\/api.w.org\/{rel}","templated":true}]}}